 b8a58 + d?
b8a65
In base 11, what is -63 + 156701?
156649
In base 14, what is -207d0c1 - -3?
-207d0bc
In base 10, what is 2160258 + -2?
2160256
In base 15, what is -1938366 + 9?
-193835c
In base 8, what is -2 - 33552025?
-33552027
In base 8, what is -565506 + 445?
-565041
In base 16, what is -b5b3 + -428?
-b9db
In base 4, what is 112303032112012 + 3?
112303032112021
In base 4, what is 32320003302213 - 2?
32320003302211
In base 12, what is 9b2 - 8390?
-759a
In base 11, what is -5a58 - -a491?
4534
In base 14, what is 104691b7 - -4?
104691bb
In base 9, what is -18 - 68452?
-68471
In base 5, what is -31 - -332111103?
332111022
In base 14, what is 28a734 + -34?
28a700
In base 13, what is -459a + -5c5?
-4b92
In base 14, what is 1798 - -873d?
a0d7
In base 11, what is -6833964 - a?
-6833973
In base 9, what is -13 + 6543488?
6543475
In base 15, what is 13b4436d - -3?
13b44371
In base 7, what is -256145103 - -2?
-256145101
In base 2, what is -101 + 1000100111000001101?
1000100111000001000
In base 10, what is -1062 + -2216?
-3278
In base 10, what is -469 - -1478406?
1477937
In base 10, what is 5 - -9550735?
9550740
In base 14, what is 5 + -4b43b3?
-4b43ac
In base 5, what is -4 - -31121334403?
31121334344
In base 2, what is 110011110010001010000111010001 - 100?
110011110010001010000111001101
In base 11, what is 39aa + 78899?
81798
In base 3, what is -2222202002110110200 + 1?
-2222202002110110122
In base 5, what is -4 - 321111313223?
-321111313232
In base 11, what is -1204 - -322a6?
310a2
In base 3, what is 111 + -202200021220021?
-202200021212210
In base 5, what is -102 + -12004324123?
-12004324230
In base 14, what is 133d1ab - -a?
133d1b7
In base 2, what is 100111001010101000 + -1110000111?
100110111100100001
In base 5, what is -104 - 31110331?
-31110440
In base 15, what is 66 - 86c3a?
-86bc4
In base 4, what is -112322302320 - 1?
-112322302321
In base 12, what is 1 - 4226545?
-4226544
In base 9, what is 47841714 + 1?
47841715
In base 2, what is -10110101110111 + -1111000100111?
-100101110011110
In base 9, what is 30700 + 2314?
33114
In base 6, what is 235330 - -1210?
240540
In base 3, what is 21212202021 + 20001?
21212222022
In base 13, what is cc - 6ba6?
-6aa7
In base 11, what is a1998a714 + -2?
a1998a712
In base 10, what is -27 + 249163?
249136
In base 6, what is 1341514 + 2515?
1344433
In base 15, what is -2 + 592aa3?
592aa1
In base 15, what is -364ae4e - -15?
-364ae39
In base 5, what is -1 - -24003314?
24003313
In base 15, what is 3 + 1ea5b64?
1ea5b67
In base 6, what is 4423302 + 502?
4424204
In base 10, what is -38423 + 864?
-37559
In base 6, what is -1 - -151230520?
151230515
In base 8, what is 323 - -2216154?
2216477
In base 2, what is 0 + -110010010110111000101?
-110010010110111000101
In base 6, what is 24541355 + -23?
24541332
In base 7, what is -264005 - 2122?
-266130
In base 5, what is 2020 - 1213301310?
-1213244240
In base 15, what is 2b89 + -1d1?
29a8
In base 8, what is -3501720327 + 1?
-3501720326
In base 14, what is 1328d - 17c?
13111
In base 10, what is -77 + -199311?
-199388
In base 12, what is -3519 - -4433?
b16
In base 12, what is -11 - 25b851?
-25b862
In base 3, what is 2222100210112 - -21?
2222100210210
In base 14, what is -23 - -3632?
360d
In base 11, what is 61085 - -271?
61346
In base 13, what is 1738b2c + -a?
1738b22
In base 6, what is 1454434211 - 24?
1454434143
In base 14, what is 12c22373 - -a?
12c2237d
In base 7, what is -5 + -60345505?
-60345513
In base 15, what is 1d943e2 - 9?
1d943d8
In base 8, what is 4 + -17067672?
-17067666
In base 5, what is -1003011 + -134423?
-1142434
In base 9, what is 3237 - 104254?
-101016
In base 11, what is 5 + 12940485?
1294048a
In base 13, what is -2 - -276baa84?
276baa82
In base 3, what is -100220 + -11021101?
-11122021
In base 13, what is -15c - -2bc32?
2baa3
In base 12, what is -33 + -1214753?
-1214786
In base 13, what is 13 + -2a427bb?
-2a427a8
In base 9, what is 35021474 + 3?
35021477
In base 2, what is -100011010110100 + 10000101011?
-100001010001001
In base 15, what is 2 - -95278?
9527a
In base 13, what is 4 - 19c915a?
-19c9156
In base 9, what is -76 - 575334?
-575421
In base 12, what is -39 + -152859?
-152896
In base 2, what is 100110111000011 + -101?
100110110111110
In base 16, what is -41ab + -12a3?
-544e
In base 12, what is 17 - 275958?
-275941
In base 15, what is 3 - -6eee5a?
6eee5d
In base 13, what is -36b + -96b?
-1009
In base 2, what is 110101010100101001011001011 - -11?
110101010100101001011001110
In base 10, what is -1 + 129380237?
129380236
In base 14, what is -1d44 - -4cd?
-1855
In base 14, what is -57455 - -1b?
-57438
In base 12, what is 241 + -2aa75?
-2a834
In base 5, what is 1114 + 440330?
441444
In base 5, what is 33143 + 1110312?
1144010
In base 7, what is 23561131 + -1?
23561130
In base 12, what is -120ba93a + -3?
-120ba941
In base 12, what is 5 - 680580?
-680577
In base 3, what is -1102100 + -21102211?
-22212011
In base 7, what is -10402135 + -141?
-10402306
In base 4, what is 32010 - 31223103?
-31131033
In base 4, what is -2 + 2013121031?
2013121023
In base 13, what is 1b10578 + -3?
1b10575
In base 8, what is 3 - 16515402?
-16515377
In base 5, what is -1 + -312212301?
-312212302
In base 10, what is 74973 - -625?
75598
In base 6, what is -3313 - 4155211?
-4202524
In base 6, what is 30451 + -255?
30152
In base 6, what is -22013 - 55443?
-121500
In base 15, what is -9a + -944a?
-94e5
In base 6, what is 3020 + -2242453?
-2235433
In base 7, what is 1342460 - 34?
1342423
In base 10, what is 14369 + 5299?
19668
In base 9, what is 5 + 220058023?
220058028
In base 2, what is -1101101 - -11011001001111?
11010111100010
In base 13, what is 4 - 1642b9c4?
-1642b9c0
In base 16, what is -220882 - -e4?
-22079e
In base 4, what is 221 - 1011113221?
-1011113000
In base 10, what is -262 - 23989?
-24251
In base 13, what is 8b5 + 1c22?
2807
In base 9, what is 11815 - 4534?
6271
In base 14, what is 2a74 - c311?
-967b
In base 9, what is -1530 + 22622?
21082
In base 15, what is d1e + b81?
19a0
In base 12, what is -7a5a0 + -15a?
-7a73a
In base 9, what is 350704633 + -6?
350704626
In base 5, what is 2 - 200323144412?
-200323144410
In base 16, what is bb86f8 + -12?
bb86e6
In base 14, what is 344 + -ca902?
-ca59c
In base 2, what is 11110110100111110111111 - 101?
11110110100111110111010
In base 13, what is -55 + -605c85?
-60600a
In base 11, what is 519a9a29 + 1?
519a9a2a
In base 8, what is 160205477 - -2?
160205501
In base 6, what is 10 + 10232423?
10232433
In base 5, what is 2131304412 + 234?
2131310201
In base 2, what is 11101000100001001101 + -1000000?
11101000100000001101
In base 5, what is -10243 - -1303003?
1242210
In base 10, what is -3936 + 2261?
-1675
In base 2, what is 1000001011011001 + 101010?
1000001100000011
In base 5, what is -1343403 - 11403?
-1410311
In base 4, what is -13012 + 2301012320?
2300333302
In base 3, what is -2 - 11210102202012?
-11210102202021
In base 14, what is 8629991 + -d?
8629982
In base 12, what is -16b + 11ab198?
11ab029
In base 12, what is 46 + -485295a?
-4852914
In base 10, what is 641 + -345310?
-344669
In base 8, what is 272 - -236700?
237172
In base 7, what is -1004124325 + -3?
-1004124331
In base 15, what is -1100e - -39?
-10ec5
In base 14, what is 19841 + d3?
19934
In base 2, what is -111101110100010 - -10010101001?
-111011011111001
In base 7, what is -14 - 322412230?
-322412244
In base 14, what is 4 + -4daa22?
-4daa1c
In base 12, what is 30377 + -127?
30250
In base 3, what is 2 + 11102000220012?
11102000220021
In base 2, what is 101 + -110010001110001101010?
-110010001110001100101
In base 11, what is -590 - -10217?
a737
In base 12, what is -7383 - 370?
-7733
In base 6, what is 3533344554 - 3?
3533344551
In base 11, what is 4 + -5740109?
-5740105
In base 9, what is 87470807 - -3?
87470811
In base 14, what is 163285a - 22?
1632838
In base 6, what is -134212 - -2042?
-132130
In base 9, what is -4001 - 1306?
-5307
In base 16, what is 618aafb - -1?
618aafc
In base 2, what is -1000101001010 - -100010000000?
-100011001010
In base 12, what is 179b6 + 44?
17a3a
In base 3, what is -12 + -1122211010110101?
-1122211010110120
In base 3, what is -2000112 + -2021001020?
-2100001202
In base 3, what is 10 - 211002002111?
-211002002101
In base 13, what is 32ab3343 -